{"id":49,"date":"2018-07-02T08:27:43","date_gmt":"2018-07-02T08:27:43","guid":{"rendered":"http:\/\/temp.studiowizjo.pl\/sklep.studiowizjo.pl\/?page_id=49"},"modified":"2019-09-19T12:59:04","modified_gmt":"2019-09-19T10:59:04","slug":"kontakt","status":"publish","type":"page","link":"https:\/\/temp.studiowizjo.pl\/sklep.studiowizjo.pl\/kontakt\/","title":{"rendered":"Kontakt"},"content":{"rendered":"\t\t<div data-elementor-type=\"wp-page\" data-elementor-id=\"49\" class=\"elementor elementor-49\" data-elementor-post-type=\"page\">\n\t\t\t\t\t\t<section class=\"elementor-section elementor-top-section elementor-element elementor-element-d75554e elementor-section-boxed elementor-section-height-default elementor-section-height-default\" data-id=\"d75554e\" data-element_type=\"section\" data-e-type=\"section\">\n\t\t\t\t\t\t<div class=\"elementor-container elementor-column-gap-default\">\n\t\t\t\t\t<div class=\"elementor-column elementor-col-50 elementor-top-column elementor-element elementor-element-e75aa0e\" data-id=\"e75aa0e\" data-element_type=\"column\" data-e-type=\"column\">\n\t\t\t<div class=\"elementor-widget-wrap elementor-element-populated\">\n\t\t\t\t\t\t<div class=\"elementor-element elementor-element-f3c15f2 elementor-widget elementor-widget-heading\" data-id=\"f3c15f2\" data-element_type=\"widget\" data-e-type=\"widget\" data-widget_type=\"heading.default\">\n\t\t\t\t<div class=\"elementor-widget-container\">\n\t\t\t\t\t<h2 class=\"elementor-heading-title elementor-size-default\">Dane kontaktowe<\/h2>\t\t\t\t<\/div>\n\t\t\t\t<\/div>\n\t\t\t\t<div class=\"elementor-element elementor-element-813f167 elementor-widget elementor-widget-text-editor\" data-id=\"813f167\" data-element_type=\"widget\" data-e-type=\"widget\" data-widget_type=\"text-editor.default\">\n\t\t\t\t<div class=\"elementor-widget-container\">\n\t\t\t\t\t\t\t\t\t<p>Wizjo Bart\u0142omiej Trybu\u0142a<br \/>NIP: 882 190 02 23<\/p><p>58-260 Bielawa<br \/>ul. 1 Maja 34<\/p>\t\t\t\t\t\t\t\t<\/div>\n\t\t\t\t<\/div>\n\t\t\t\t<div class=\"elementor-element elementor-element-fc533ba elementor-widget-divider--view-line elementor-widget elementor-widget-divider\" data-id=\"fc533ba\" data-element_type=\"widget\" data-e-type=\"widget\" data-widget_type=\"divider.default\">\n\t\t\t\t<div class=\"elementor-widget-container\">\n\t\t\t\t\t\t\t<div class=\"elementor-divider\">\n\t\t\t<span class=\"elementor-divider-separator\">\n\t\t\t\t\t\t<\/span>\n\t\t<\/div>\n\t\t\t\t\t\t<\/div>\n\t\t\t\t<\/div>\n\t\t\t\t<div class=\"elementor-element elementor-element-bce87a4 elementor-widget elementor-widget-text-editor\" data-id=\"bce87a4\" data-element_type=\"widget\" data-e-type=\"widget\" data-widget_type=\"text-editor.default\">\n\t\t\t\t<div class=\"elementor-widget-container\">\n\t\t\t\t\t\t\t\t\t<p><span style=\"color: #888888;\">Telefon:<\/span><\/p><h3>111 222 333<\/h3><p><span style=\"color: #888888;\">E-mail:<\/span>\u00a0kontakt@sklep.studiowizjo.pl<\/p>\t\t\t\t\t\t\t\t<\/div>\n\t\t\t\t<\/div>\n\t\t\t\t\t<\/div>\n\t\t<\/div>\n\t\t\t\t<div class=\"elementor-column elementor-col-50 elementor-top-column elementor-element elementor-element-40a57e8\" data-id=\"40a57e8\" data-element_type=\"column\" data-e-type=\"column\">\n\t\t\t<div class=\"elementor-widget-wrap elementor-element-populated\">\n\t\t\t\t\t\t<div class=\"elementor-element elementor-element-b335ebb elementor-widget elementor-widget-google_maps\" data-id=\"b335ebb\" data-element_type=\"widget\" data-e-type=\"widget\" data-widget_type=\"google_maps.default\">\n\t\t\t\t<div class=\"elementor-widget-container\">\n\t\t\t\t\t\t\t<div class=\"elementor-custom-embed\">\n\t\t\t<iframe loading=\"lazy\"\n\t\t\t\t\tsrc=\"https:\/\/maps.google.com\/maps?q=58-260%20Bielawa%2C%20ul.%201%20Maja&#038;t=m&#038;z=10&#038;output=embed&#038;iwloc=near\"\n\t\t\t\t\ttitle=\"58-260 Bielawa, ul. 1 Maja\"\n\t\t\t\t\taria-label=\"58-260 Bielawa, ul. 1 Maja\"\n\t\t\t><\/iframe>\n\t\t<\/div>\n\t\t\t\t\t\t<\/div>\n\t\t\t\t<\/div>\n\t\t\t\t\t<\/div>\n\t\t<\/div>\n\t\t\t\t\t<\/div>\n\t\t<\/section>\n\t\t\t\t<section class=\"elementor-section elementor-top-section elementor-element elementor-element-c418ac6 elementor-section-boxed elementor-section-height-default elementor-section-height-default\" data-id=\"c418ac6\" data-element_type=\"section\" data-e-type=\"section\">\n\t\t\t\t\t\t<div class=\"elementor-container elementor-column-gap-default\">\n\t\t\t\t\t<div class=\"elementor-column elementor-col-100 elementor-top-column elementor-element elementor-element-a927db0\" data-id=\"a927db0\" data-element_type=\"column\" data-e-type=\"column\">\n\t\t\t<div class=\"elementor-widget-wrap elementor-element-populated\">\n\t\t\t\t\t\t<div class=\"elementor-element elementor-element-527708f elementor-widget elementor-widget-heading\" data-id=\"527708f\" data-element_type=\"widget\" data-e-type=\"widget\" data-widget_type=\"heading.default\">\n\t\t\t\t<div class=\"elementor-widget-container\">\n\t\t\t\t\t<h2 class=\"elementor-heading-title elementor-size-default\">Wy\u015blij wiadomo\u015b\u0107<\/h2>\t\t\t\t<\/div>\n\t\t\t\t<\/div>\n\t\t\t\t<div class=\"elementor-element elementor-element-c596c1e elementor-widget elementor-widget-shortcode\" data-id=\"c596c1e\" data-element_type=\"widget\" data-e-type=\"widget\" data-widget_type=\"shortcode.default\">\n\t\t\t\t<div class=\"elementor-widget-container\">\n\t\t\t\t\t\t\t<div class=\"elementor-shortcode\">\n<div class=\"wpcf7 no-js\" id=\"wpcf7-f53-o1\" lang=\"en-US\" dir=\"ltr\" data-wpcf7-id=\"53\">\n<div class=\"screen-reader-response\"><p role=\"status\" aria-live=\"polite\" aria-atomic=\"true\"><\/p> <ul><\/ul><\/div>\n<form action=\"\/sklep.studiowizjo.pl\/wp-json\/wp\/v2\/pages\/49#wpcf7-f53-o1\" method=\"post\" class=\"wpcf7-form init\" aria-label=\"Contact form\" novalidate=\"novalidate\" data-status=\"init\">\n<fieldset class=\"hidden-fields-container\"><input type=\"hidden\" name=\"_wpcf7\" value=\"53\" \/><input type=\"hidden\" name=\"_wpcf7_version\" value=\"6.1.5\" \/><input type=\"hidden\" name=\"_wpcf7_locale\" value=\"en_US\" \/><input type=\"hidden\" name=\"_wpcf7_unit_tag\" value=\"wpcf7-f53-o1\" \/><input type=\"hidden\" name=\"_wpcf7_container_post\" value=\"0\" \/><input type=\"hidden\" name=\"_wpcf7_posted_data_hash\" value=\"\" \/>\n<\/fieldset>\n<div class=\"contact-form ctf-contact-form\">\n\t<div class=\"row\">\n\t\t<div class=\"col-xs-6\">\n\t\t\t<p><span class=\"wpcf7-form-control-wrap\" data-name=\"ctf-name\"><input size=\"40\" maxlength=\"400\" class=\"wpcf7-form-control wpcf7-text wpcf7-validates-as-required\" aria-required=\"true\" aria-invalid=\"false\" placeholder=\"Imi\u0119 *\" value=\"\" type=\"text\" name=\"ctf-name\" \/><\/span>\n\t\t\t<\/p>\n\t\t<\/div>\n\t\t<div class=\"col-xs-6\">\n\t\t\t<p><span class=\"wpcf7-form-control-wrap\" data-name=\"ctf-email\"><input size=\"40\" maxlength=\"400\" class=\"wpcf7-form-control wpcf7-text wpcf7-validates-as-required\" aria-required=\"true\" aria-invalid=\"false\" placeholder=\"E-mail *\" value=\"\" type=\"text\" name=\"ctf-email\" \/><\/span>\n\t\t\t<\/p>\n\t\t<\/div>\n\t\t<div class=\"col-xs-12\">\n\t\t\t<p><span class=\"wpcf7-form-control-wrap\" data-name=\"ctf-subject\"><input size=\"40\" maxlength=\"400\" class=\"wpcf7-form-control wpcf7-text\" aria-invalid=\"false\" placeholder=\"Temat (opcjonalnie)\" value=\"\" type=\"text\" name=\"ctf-subject\" \/><\/span>\n\t\t\t<\/p>\n\t\t<\/div>\n\t\t<div class=\"col-xs-12\">\n\t\t\t<p><span class=\"wpcf7-form-control-wrap\" data-name=\"ctf-message\"><textarea cols=\"40\" rows=\"10\" maxlength=\"2000\" class=\"wpcf7-form-control wpcf7-textarea\" aria-invalid=\"false\" placeholder=\"Twoja wiadomo\u015b\u0107...\" name=\"ctf-message\"><\/textarea><\/span>\n\t\t\t<\/p>\n\t\t<\/div>\n\t\t<div class=\"col-xs-12\">\n\t\t\t<p><span class=\"wpcf7-form-control-wrap\" data-name=\"acceptance-319\"><span class=\"wpcf7-form-control wpcf7-acceptance\"><span class=\"wpcf7-list-item\"><label><input type=\"checkbox\" name=\"acceptance-319\" value=\"1\" aria-invalid=\"false\" \/><span class=\"wpcf7-list-item-label\">Wyra\u017cam zgod\u0119 na przetwarzanie moich danych osobowych zawartych w formularzu kontaktowym w celu odpowiedzi na przes\u0142an\u0105 przeze mnie wiadomo\u015b\u0107 zgodnie z Rozporz\u0105dzeniem Parlamentu Europejskiego i Rady (UE) 2016\/679 (RODO). Zapozna\u0142em\/am si\u0119 z <a href=\"https:\/\/temp.studiowizjo.pl\/sklep.studiowizjo.pl\/polityka-prywatnosci\">Polityk\u0105 Prywatno\u015bci<\/a>.<\/span><\/label><\/span><\/span><\/span>\n\t\t\t<\/p>\n\t\t<\/div>\n\t\t<div class=\"col-xs-12\">\n\t\t\t<p><input class=\"wpcf7-form-control wpcf7-submit has-spinner\" type=\"submit\" value=\"Wy\u015blij wiadomo\u015b\u0107\" \/>\n\t\t\t<\/p>\n\t\t<\/div>\n\t<\/div>\n<\/div><div class=\"wpcf7-response-output\" aria-hidden=\"true\"><\/div>\n<\/form>\n<\/div>\n<\/div>\n\t\t\t\t\t\t<\/div>\n\t\t\t\t<\/div>\n\t\t\t\t\t<\/div>\n\t\t<\/div>\n\t\t\t\t\t<\/div>\n\t\t<\/section>\n\t\t\t\t<section class=\"elementor-section elementor-top-section elementor-element elementor-element-14d7913c elementor-section-boxed elementor-section-height-default elementor-section-height-default\" data-id=\"14d7913c\" data-element_type=\"section\" data-e-type=\"section\" data-settings=\"{&quot;background_background&quot;:&quot;classic&quot;}\">\n\t\t\t\t\t\t<div class=\"elementor-container elementor-column-gap-default\">\n\t\t\t\t\t<div class=\"elementor-column elementor-col-50 elementor-top-column elementor-element elementor-element-4c851dbe\" data-id=\"4c851dbe\" data-element_type=\"column\" data-e-type=\"column\">\n\t\t\t<div class=\"elementor-widget-wrap elementor-element-populated\">\n\t\t\t\t\t\t<div class=\"elementor-element elementor-element-507d95e1 elementor-widget elementor-widget-heading\" data-id=\"507d95e1\" data-element_type=\"widget\" data-e-type=\"widget\" data-widget_type=\"heading.default\">\n\t\t\t\t<div class=\"elementor-widget-container\">\n\t\t\t\t\t<h2 class=\"elementor-heading-title elementor-size-default\">\u2265 pozosta\u0144my w kontakcie<\/h2>\t\t\t\t<\/div>\n\t\t\t\t<\/div>\n\t\t\t\t<div class=\"elementor-element elementor-element-6ae3f0d1 elementor-widget elementor-widget-spacer\" data-id=\"6ae3f0d1\" data-element_type=\"widget\" data-e-type=\"widget\" data-widget_type=\"spacer.default\">\n\t\t\t\t<div class=\"elementor-widget-container\">\n\t\t\t\t\t\t\t<div class=\"elementor-spacer\">\n\t\t\t<div class=\"elementor-spacer-inner\"><\/div>\n\t\t<\/div>\n\t\t\t\t\t\t<\/div>\n\t\t\t\t<\/div>\n\t\t\t\t<div class=\"elementor-element elementor-element-63b1ef76 elementor-widget elementor-widget-text-editor\" data-id=\"63b1ef76\" data-element_type=\"widget\" data-e-type=\"widget\" data-widget_type=\"text-editor.default\">\n\t\t\t\t<div class=\"elementor-widget-container\">\n\t\t\t\t\t\t\t\t\t<p>Zapisz si\u0119 aby otrzymywa\u0107 powiadominenia o nowo\u015bciach i promocjach.<\/p>\t\t\t\t\t\t\t\t<\/div>\n\t\t\t\t<\/div>\n\t\t\t\t\t<\/div>\n\t\t<\/div>\n\t\t\t\t<div class=\"elementor-column elementor-col-50 elementor-top-column elementor-element elementor-element-3eb77e8c\" data-id=\"3eb77e8c\" data-element_type=\"column\" data-e-type=\"column\">\n\t\t\t<div class=\"elementor-widget-wrap elementor-element-populated\">\n\t\t\t\t\t\t<div class=\"elementor-element elementor-element-6ec64e1 elementor-widget elementor-widget-shortcode\" data-id=\"6ec64e1\" data-element_type=\"widget\" data-e-type=\"widget\" data-widget_type=\"shortcode.default\">\n\t\t\t\t<div class=\"elementor-widget-container\">\n\t\t\t\t\t\t\t<div class=\"elementor-shortcode\">\n<div class=\"wpcf7 no-js\" id=\"wpcf7-f46-o2\" lang=\"en-US\" dir=\"ltr\" data-wpcf7-id=\"46\">\n<div class=\"screen-reader-response\"><p role=\"status\" aria-live=\"polite\" aria-atomic=\"true\"><\/p> <ul><\/ul><\/div>\n<form action=\"\/sklep.studiowizjo.pl\/wp-json\/wp\/v2\/pages\/49#wpcf7-f46-o2\" method=\"post\" class=\"wpcf7-form init\" aria-label=\"Contact form\" novalidate=\"novalidate\" data-status=\"init\">\n<fieldset class=\"hidden-fields-container\"><input type=\"hidden\" name=\"_wpcf7\" value=\"46\" \/><input type=\"hidden\" name=\"_wpcf7_version\" value=\"6.1.5\" \/><input type=\"hidden\" name=\"_wpcf7_locale\" value=\"en_US\" \/><input type=\"hidden\" name=\"_wpcf7_unit_tag\" value=\"wpcf7-f46-o2\" \/><input type=\"hidden\" name=\"_wpcf7_container_post\" value=\"0\" \/><input type=\"hidden\" name=\"_wpcf7_posted_data_hash\" value=\"\" \/>\n<\/fieldset>\n<div class=\"ht-ctf7 ctf-deco1\">\n\t<p><span class=\"wpcf7-form-control-wrap\" data-name=\"your-email-deco1\"><input size=\"40\" maxlength=\"400\" class=\"wpcf7-form-control wpcf7-email wpcf7-validates-as-required wpcf7-text wpcf7-validates-as-email\" aria-required=\"true\" aria-invalid=\"false\" placeholder=\"Podaj sw\u00f3j e-mail...\" value=\"\" type=\"email\" name=\"your-email-deco1\" \/><\/span><input class=\"wpcf7-form-control wpcf7-submit has-spinner\" type=\"submit\" value=\"Zapisz mnie\" \/>\n\t<\/p>\n<\/div><div class=\"wpcf7-response-output\" aria-hidden=\"true\"><\/div>\n<\/form>\n<\/div>\n<\/div>\n\t\t\t\t\t\t<\/div>\n\t\t\t\t<\/div>\n\t\t\t\t\t<\/div>\n\t\t<\/div>\n\t\t\t\t\t<\/div>\n\t\t<\/section>\n\t\t\t\t<\/div>\n\t\t","protected":false},"excerpt":{"rendered":"<p>Dane kontaktowe Wizjo Bart\u0142omiej Trybu\u0142aNIP: 882 190 02 23 58-260 Bielawaul. 1 Maja 34 Telefon: 111 222 333 E-mail:\u00a0kontakt@sklep.studiowizjo.pl Wy\u015blij wiadomo\u015b\u0107 \u2265 pozosta\u0144my w kontakcie Zapisz si\u0119 aby otrzymywa\u0107 powiadominenia o nowo\u015bciach i promocjach.<\/p>\n","protected":false},"author":1,"featured_media":0,"parent":0,"menu_order":0,"comment_status":"closed","ping_status":"closed","template":"","meta":{"footnotes":""},"class_list":["post-49","page","type-page","status-publish","hentry"],"yoast_head":"<!-- This site is optimized with the Yoast SEO plugin v27.5 - https:\/\/yoast.com\/product\/yoast-seo-wordpress\/ -->\n<title>Kontakt - Sklep<\/title>\n<meta name=\"robots\" content=\"noindex, follow, max-snippet:-1, max-image-preview:large, max-video-preview:-1\" \/>\n<meta property=\"og:locale\" content=\"pl_PL\" \/>\n<meta property=\"og:type\" content=\"article\" \/>\n<meta property=\"og:title\" content=\"Kontakt - Sklep\" \/>\n<meta property=\"og:description\" content=\"Dane kontaktowe Wizjo Bart\u0142omiej Trybu\u0142aNIP: 882 190 02 23 58-260 Bielawaul. 1 Maja 34 Telefon: 111 222 333 E-mail:\u00a0kontakt@sklep.studiowizjo.pl Wy\u015blij wiadomo\u015b\u0107 \u2265 pozosta\u0144my w kontakcie Zapisz si\u0119 aby otrzymywa\u0107 powiadominenia o nowo\u015bciach i promocjach.\" \/>\n<meta property=\"og:url\" content=\"https:\/\/temp.studiowizjo.pl\/sklep.studiowizjo.pl\/kontakt\/\" \/>\n<meta property=\"og:site_name\" content=\"Sklep\" \/>\n<meta property=\"article:modified_time\" content=\"2019-09-19T10:59:04+00:00\" \/>\n<meta name=\"twitter:card\" content=\"summary_large_image\" \/>\n<script type=\"application\/ld+json\" class=\"yoast-schema-graph\">{\"@context\":\"https:\\\/\\\/schema.org\",\"@graph\":[{\"@type\":\"WebPage\",\"@id\":\"https:\\\/\\\/temp.studiowizjo.pl\\\/sklep.studiowizjo.pl\\\/kontakt\\\/\",\"url\":\"https:\\\/\\\/temp.studiowizjo.pl\\\/sklep.studiowizjo.pl\\\/kontakt\\\/\",\"name\":\"Kontakt - Sklep\",\"isPartOf\":{\"@id\":\"https:\\\/\\\/temp.studiowizjo.pl\\\/sklep.studiowizjo.pl\\\/#website\"},\"datePublished\":\"2018-07-02T08:27:43+00:00\",\"dateModified\":\"2019-09-19T10:59:04+00:00\",\"breadcrumb\":{\"@id\":\"https:\\\/\\\/temp.studiowizjo.pl\\\/sklep.studiowizjo.pl\\\/kontakt\\\/#breadcrumb\"},\"inLanguage\":\"pl-PL\",\"potentialAction\":[{\"@type\":\"ReadAction\",\"target\":[\"https:\\\/\\\/temp.studiowizjo.pl\\\/sklep.studiowizjo.pl\\\/kontakt\\\/\"]}]},{\"@type\":\"BreadcrumbList\",\"@id\":\"https:\\\/\\\/temp.studiowizjo.pl\\\/sklep.studiowizjo.pl\\\/kontakt\\\/#breadcrumb\",\"itemListElement\":[{\"@type\":\"ListItem\",\"position\":1,\"name\":\"Strona g\u0142\u00f3wna\",\"item\":\"https:\\\/\\\/temp.studiowizjo.pl\\\/sklep.studiowizjo.pl\\\/\"},{\"@type\":\"ListItem\",\"position\":2,\"name\":\"Kontakt\"}]},{\"@type\":\"WebSite\",\"@id\":\"https:\\\/\\\/temp.studiowizjo.pl\\\/sklep.studiowizjo.pl\\\/#website\",\"url\":\"https:\\\/\\\/temp.studiowizjo.pl\\\/sklep.studiowizjo.pl\\\/\",\"name\":\"Sklep\",\"description\":\"Demo sklepu\",\"potentialAction\":[{\"@type\":\"SearchAction\",\"target\":{\"@type\":\"EntryPoint\",\"urlTemplate\":\"https:\\\/\\\/temp.studiowizjo.pl\\\/sklep.studiowizjo.pl\\\/?s={search_term_string}\"},\"query-input\":{\"@type\":\"PropertyValueSpecification\",\"valueRequired\":true,\"valueName\":\"search_term_string\"}}],\"inLanguage\":\"pl-PL\"}]}<\/script>\n<!-- \/ Yoast SEO plugin. -->","yoast_head_json":{"title":"Kontakt - Sklep","robots":{"index":"noindex","follow":"follow","max-snippet":"max-snippet:-1","max-image-preview":"max-image-preview:large","max-video-preview":"max-video-preview:-1"},"og_locale":"pl_PL","og_type":"article","og_title":"Kontakt - Sklep","og_description":"Dane kontaktowe Wizjo Bart\u0142omiej Trybu\u0142aNIP: 882 190 02 23 58-260 Bielawaul. 1 Maja 34 Telefon: 111 222 333 E-mail:\u00a0kontakt@sklep.studiowizjo.pl Wy\u015blij wiadomo\u015b\u0107 \u2265 pozosta\u0144my w kontakcie Zapisz si\u0119 aby otrzymywa\u0107 powiadominenia o nowo\u015bciach i promocjach.","og_url":"https:\/\/temp.studiowizjo.pl\/sklep.studiowizjo.pl\/kontakt\/","og_site_name":"Sklep","article_modified_time":"2019-09-19T10:59:04+00:00","twitter_card":"summary_large_image","schema":{"@context":"https:\/\/schema.org","@graph":[{"@type":"WebPage","@id":"https:\/\/temp.studiowizjo.pl\/sklep.studiowizjo.pl\/kontakt\/","url":"https:\/\/temp.studiowizjo.pl\/sklep.studiowizjo.pl\/kontakt\/","name":"Kontakt - Sklep","isPartOf":{"@id":"https:\/\/temp.studiowizjo.pl\/sklep.studiowizjo.pl\/#website"},"datePublished":"2018-07-02T08:27:43+00:00","dateModified":"2019-09-19T10:59:04+00:00","breadcrumb":{"@id":"https:\/\/temp.studiowizjo.pl\/sklep.studiowizjo.pl\/kontakt\/#breadcrumb"},"inLanguage":"pl-PL","potentialAction":[{"@type":"ReadAction","target":["https:\/\/temp.studiowizjo.pl\/sklep.studiowizjo.pl\/kontakt\/"]}]},{"@type":"BreadcrumbList","@id":"https:\/\/temp.studiowizjo.pl\/sklep.studiowizjo.pl\/kontakt\/#breadcrumb","itemListElement":[{"@type":"ListItem","position":1,"name":"Strona g\u0142\u00f3wna","item":"https:\/\/temp.studiowizjo.pl\/sklep.studiowizjo.pl\/"},{"@type":"ListItem","position":2,"name":"Kontakt"}]},{"@type":"WebSite","@id":"https:\/\/temp.studiowizjo.pl\/sklep.studiowizjo.pl\/#website","url":"https:\/\/temp.studiowizjo.pl\/sklep.studiowizjo.pl\/","name":"Sklep","description":"Demo sklepu","potentialAction":[{"@type":"SearchAction","target":{"@type":"EntryPoint","urlTemplate":"https:\/\/temp.studiowizjo.pl\/sklep.studiowizjo.pl\/?s={search_term_string}"},"query-input":{"@type":"PropertyValueSpecification","valueRequired":true,"valueName":"search_term_string"}}],"inLanguage":"pl-PL"}]}},"_links":{"self":[{"href":"https:\/\/temp.studiowizjo.pl\/sklep.studiowizjo.pl\/wp-json\/wp\/v2\/pages\/49","targetHints":{"allow":["GET"]}}],"collection":[{"href":"https:\/\/temp.studiowizjo.pl\/sklep.studiowizjo.pl\/wp-json\/wp\/v2\/pages"}],"about":[{"href":"https:\/\/temp.studiowizjo.pl\/sklep.studiowizjo.pl\/wp-json\/wp\/v2\/types\/page"}],"author":[{"embeddable":true,"href":"https:\/\/temp.studiowizjo.pl\/sklep.studiowizjo.pl\/wp-json\/wp\/v2\/users\/1"}],"replies":[{"embeddable":true,"href":"https:\/\/temp.studiowizjo.pl\/sklep.studiowizjo.pl\/wp-json\/wp\/v2\/comments?post=49"}],"version-history":[{"count":7,"href":"https:\/\/temp.studiowizjo.pl\/sklep.studiowizjo.pl\/wp-json\/wp\/v2\/pages\/49\/revisions"}],"predecessor-version":[{"id":3518,"href":"https:\/\/temp.studiowizjo.pl\/sklep.studiowizjo.pl\/wp-json\/wp\/v2\/pages\/49\/revisions\/3518"}],"wp:attachment":[{"href":"https:\/\/temp.studiowizjo.pl\/sklep.studiowizjo.pl\/wp-json\/wp\/v2\/media?parent=49"}],"curies":[{"name":"wp","href":"https:\/\/api.w.org\/{rel}","templated":true}]}}